 25 = -4*u. Suppose -3*y - 6 = 5*v, -u*y - 41 = -v - v. Let d = y + 10. What are the prime factors of d?
3
Let g(u) be the second derivative of -u**4/12 + u**3/2 + u**2 + 5*u. What are the prime factors of g(3)?
2
What are the prime factors of (126/(-35))/(9/(-30))?
2, 3
Let f = 201 + -98. What are the prime factors of f?
103
Let v be ((-9)/6)/((-6)/12). Suppose w = -x + v, w = -2*x - 1 + 2. What are the prime factors of w?
5
Let b(a) = 3*a**2 - 9*a - 6. Let w(s) = 4*s**2 - 9*s - 7. Let q(o) = 5*b(o) - 4*w(o). List the prime factors of q(-5).
2, 3
Let q = 6 - 6. Suppose a - 5*z + 120 + 69 = 0, q = -4*a - 2*z - 866. What are the prime factors of a/(-10) - (-6)/(-15)?
3, 7
Let y(m) = -m**3 + 4*m**2 + 5*m + 7. Let h be y(5). Let z = -3 + h. What are the prime factors of z?
2
Let u = -100 - -142. What are the prime factors of u?
2, 3, 7
Suppose u = 3*r - 9, 6*r = 2*r + 2*u + 12. Let x be ((-52)/r)/(6/(-9)). Suppose -x + 2 = -3*p. List the prime factors of p.
2
Let p be 1 - 2 - (1 + -4). What are the prime factors of ((-13)/p)/((-5)/10)?
13
Let u = 6 + -11. Let h(b) = 6*b**3 + b**2 - b - 1. Let v be h(-1). What are the prime factors of ((-6)/v)/((-2)/u)?
3
Suppose 11 = 5*u + 1. Suppose -u*s + 16 = -2*q, 6*q - 2*q = -s - 32. What are the prime factors of 162/24 - 2/q?
7
Suppose 2*v + 2*v = -2*c + 30, -v = -5*c - 2. List the prime factors of v.
7
Suppose o - 5*o - 24 = 0. List the prime factors of 13 + o/3 + 1.
2, 3
Suppose b = -1, w - 5*b - 1 = -b. Let p(s) be the second derivative of s**5/20 + s**4/4 - s**3/2 - 3*s**2/2 - 2*s. List the prime factors of p(w).
2, 3
Let r = -6 + 7. Let j = r - -2. What are the prime factors of j?
3
Suppose 4*o = b - 20, 3*b - 37 = 5*o + 9. Let s be (b + 2)/2 - -2. Suppose 0 = 5*g - s - 1. List the prime factors of g.
2
Let v(x) = x**3 - 7*x**2 + x - 8. Let j be v(7). Let y = j + -12. Let s = 18 + y. List the prime factors of s.
5
Let o = -12 - -26. What are the prime factors of o?
2, 7
Suppose -3*g - 4 + 1 = 2*p, 4*g + 4 = -3*p. Suppose 2*i + 3*i = -4*y + 178, p = 2*i - 5*y - 91. List the prime factors of i.
2, 19
Let x(z) = z**3 + 6*z**2 - z - 4. Let d be x(-4). Let b = 7 - 4. Suppose b*q + d = 7*q. List the prime factors of q.
2
Let u(a) = a**3 - 3*a**2 - 4*a + 1. Let y be u(4). Let p(x) = -2 - y + 1 - 2*x. What are the prime factors of p(-6)?
2, 5
Let u be (-3)/(-1) - 0/2. Suppose u*o + 12 = 6*o. Suppose -5*f - 4*w = -43, 0*w + o = 2*w. What are the prime factors of f?
7
Let f(g) = g**3 + 6*g**2 + 4*g - 5. Let w be f(-5). Suppose -u + 4*h + 35 = w, 55 = 3*u + 2*h - 4*h. What are the prime factors of u?
3, 5
Suppose -5*j + 72 = -63. What are the prime factors of j?
3
Let i be (-4)/18 + (-145)/(-45). Suppose -i*s - s + 32 = 0. List the prime factors of s.
2
Let v(k) = 0*k**2 + 0*k**2 + 6*k**2 - 5*k - k**3 - 4 + k**2. Let m be v(6). Suppose 2*b - 17 = -m*d + 3*d, -b = 3*d - 26. List the prime factors of b.
11
Suppose -5*q + 452 + 1268 = 0. List the prime factors of q.
2, 43
Suppose 2*u - 5*u + 9 = 0. Let b(m) = 0*m**2 - m**3 - 2*m**2 + 2*m**3 - u*m**2 + 1 + 5*m. What are the prime factors of b(4)?
5
Suppose 5*y + 8*k = 5*k + 105, 5*y - 2*k = 130. List the prime factors of (-7)/(68/y + -3).
2, 3, 7
Suppose -110 = -3*h + 2*t, 0 = -3*h - 0*t - t + 116. List the prime factors of h.
2, 19
Suppose 5*z - 946 = -251. List the prime factors of z.
139
Suppose -19*a - 66 = -20*a. What are the prime factors of a?
2, 3, 11
Suppose a + 122 = 2*b, 0 = b - a - 29 - 31. List the prime factors of b.
2, 31
Suppose 10 = -3*o - 23. List the prime factors of (5 + o)*40/(-6).
2, 5
Let c = -43 - -27. Let s = 24 + c. List the prime factors of s.
2
Let h = -16 - -19. Suppose h*x - 5*n = 30, 5*x + n - 13 = -3*n. What are the prime factors of x?
5
Suppose -2*w - 2*j + 55 = -3*j, 139 = 5*w - 2*j. Let c = -13 + w. List the prime factors of c.
2
Let i be (-3)/(6/4) + -1. List the prime factors of 6/i + (3 - -2).
3
Let d(b) = b**2 + 11*b - 19. List the prime factors of d(-13).
7
Let q(m) = -10 + 5*m + 0*m - 4*m. Let j be q(10). Suppose 3*n - 42 + 9 = j. What are the prime factors of n?
11
Let j = 26 - 14. List the prime factors of j.
2, 3
Let u(b) = 3*b - 9. Let i be u(6). Suppose i = 2*h + 3*r - 8*r, -2*h - 4*r = 0. What are the prime factors of h?
2
Suppose q + 5*r - r - 84 = 0, 0 = 4*q + 4*r - 336. What are the prime factors of q?
2, 3, 7
List the prime factors of (-2)/3 - (-9248)/48.
2, 3
Let u(c) = c**2 - 10*c + 2. Let v be u(10). Let a be (-1 + 0)*0/v. Suppose a = -3*j + 5*w + 65, -3*j = -5*j - 5*w + 10. What are the prime factors of j?
3, 5
Let h be 1/2 - (-270)/12. Let i = h + -18. List the prime factors of i.
5
List the prime factors of (-35)/(2 - (7 - 4)).
5, 7
Suppose 4*u - 299 = -d, 2*d = -u - 2*d + 86. List the prime factors of u.
2, 37
Suppose 29 = 5*s + 254. List the prime factors of 2/9 - 1610/s.
2, 3
Suppose 0 = -2*r - 2*d + 178, 0*d - 440 = -5*r - 4*d. List the prime factors of r.
2, 3, 7
Suppose -3*x - 5*v = -108, -4*x + 61 + 60 = -v. What are the prime factors of x?
31
Let y = 424 - 298. What are the prime factors of y?
2, 3, 7
Let x(t) = 1. Let u(a) = -3*a + 3. Let i = -7 - -12. Let o(n) = i*x(n) - u(n). What are the prime factors of o(4)?
2, 7
Let d = -4 + 55. List the prime factors of d.
3, 17
Suppose -w + 2*w - 8 = 0. Let x(y) = y**2 - 5*y + 12. List the prime factors of x(w).
2, 3
Suppose 0 = 4*s + 2*p - 8, -4 = 3*s - p - 0. Suppose -5*v + 1 + 9 = 0. Suppose j - 4*r = -s*j - 5, -v*j + r = -11. List the prime factors of j.
7
Suppose 5*h - 463 + 18 = 0. List the prime factors of h.
89
Let p(g) = g**2 + 4. Let f be p(-3). Suppose 4*s - f = 35. What are the prime factors of s?
2, 3
Suppose 3*y - 13 = -5*u, 0 = -3*u - 0*u - y + 11. List the prime factors of u.
5
Let j be 2/(36/(-39) + 1). Let q be (-6)/(-39) - (-464)/j. Let z = q - 4. What are the prime factors of z?
2, 7
Let m(h) = 2*h**2 - 2. Let q(k) = k**2 - 1. Let u(c) = 3*m(c) - 5*q(c). Let x be u(-5). What are the prime factors of (x/(-9) + 3)*6?
2
Let y be ((-5)/4)/((-10)/40). Suppose -174 = -y*s - 39. List the prime factors of s.
3
Let k(t) = -3*t - 6. Let n = 3 - 9. What are the prime factors of k(n)?
2, 3
Suppose -m + 2*m - 4*x = 13, -4*m + 3*x = 0. Let i(c) = -2*c + 4. What are the prime factors of i(m)?
2, 5
Let i = -44 + 68. Suppose 0 = 2*y + 2*y - i. Let c(p) = -p**2 + 8*p - 1. What are the prime factors of c(y)?
11
Let h(b) = -3*b + 0*b + 2*b - 7. Let i be h(-7). Suppose k = -i*k + 9. What are the prime factors of k?
3
Suppose x + 42 = 5*j, 103 = -3*x + 3*j - 11. What are the prime factors of x/(-4) - (-3)/(-12)?
3
Let n(d) = d**2 - 9*d + 6. Let x be n(9). What are the prime factors of 56/(x/3) + 0?
2, 7
Suppose 3*w + 4*o - 15 - 5 = 0, 5*w = -o + 56. List the prime factors of w.
2, 3
Suppose 5*x = -25, -2*x = d - 5*x - 168. Suppose 4*r - 97 = -5*z, 5*r - d = -z - 58. List the prime factors of r.
2, 3
Let j(h) = -h**3 - 3*h**2 + h + 4. Suppose s + 3 = -0. Let b be j(s). List the prime factors of (18/(-21))/(b/(-7)).
2, 3
Let s be (3 + 1)/(1/2). Suppose 3*n + s = 2*n. Let g = n + 16. What are the prime factors of g?
2
What are the prime factors of 387/3 - 6*(-2)/(-4)?
2, 3, 7
Let d(u) = 2*u**3 + u**2 - 4*u - 3. Let n be d(-2). Let x = 12 + n. List the prime factors of x.
5
Let b = -120 - -191. What are the prime factors of b?
71
Suppose 3*z = 5*c + 52, z = 4*c - 7*c - 6. What are the prime factors of z?
3
Let c be ((-8)/(-5))/((-1)/(-5)). Let h = 9 - c. List the prime factors of (h/2)/(8/128).
2
Suppose -2*n + 282 = n. What are the prime factors of n?
2, 47
Suppose 5*v - 6*v - 6 = 0. Let g be -2 + 1*(-19)/(-1). Let s = g + v. List the prime factors of s.
11
Let g(v) = 227*v**3. Let b be g(1). Suppose 2*s + 40 = -t, 0 = -3*t - 2*t - s - b. List the prime factors of (-3)/(2 - t/(-20)).
2, 5
Suppose i = 84 - 13. List the prime factors of i.
71
Let y = 25 + -21. List the prime factors of y.
2
Let a = -6 + 11. Suppose -6*t + 94 = 5*o - 2*t, -a*o - 3*t + 93 = 0. What are the prime factors of o?
2, 3
Let c(v) be the first derivative of -v**4/4 + v**3/3 + v**2/2 + 6*v + 3. List the prime factors of c(0).
2, 3
Let s(q) = -3*q**3 + q**2 + 7*q - 1. Let m(o) = -o**3 + o**2 + 3*o - 1. Let z(h) = -5*m(h) + 2*s(h). List the prime factors of z(-4).
23
Let n(h) be the first der